lculate (6 + (0 - 3) - 33) + (971 - 973).
-32
Calculate (-11 - -5 - -12 - -1) + (-32 - -39).
14
What is -1 + 2 + (-16 - -3) + 9?
-3
Evaluate (-5 - -28) + -16 + -31.
-24
What is the value of -33 + 4 - (147 + -143)?
-33
Evaluate (-83 + 62 - (-12 - 1)) + -1.
-9
-1 + 4 - (-4 - 5)
12
8 + (-7 - ((-8 - 5) + 10)) + -24
-20
What is the value of 5 - ((9 - (-24 - -18)) + -20)?
10
-17 + (3 - 3) + 12 + -4 - 9
-18
-26 + (6 - ((2 - 6) + 14))
-30
Calculate 55 + (-54 + 33 - 11).
23
What is 10 + 0 - (1 + -16 + 20 + 2)?
3
(7 - (-6 + 12 + 3)) + -2 + 16
12
Evaluate -1 - (-3 + (-1 + 1 - 17)).
19
What is the value of -41 + (-17 - -20 - (-6 - 1))?
-31
What is (17 - 9 - 4) + 9 + -45?
-32
What is the value of (22 - 5) + -14 + 43 + -35?
11
Calculate 8 + (-1 - 4) + 9.
12
30 - (65 - 72 - (-1 - 10))
26
-2 + 6 - (-2 + (-1 - -8 - 13))
12
Evaluate 26 - (18 + (26 - 13)).
-5
What is -25 + (3 - (-37 + 33))?
-18
Calculate -24 + 2 - (15 + 14 + -36).
-15
What is the value of 2 + 17 + (13 + -2 - 17)?
13
What is the value of -1 + 4 + 7 + -17 + 9 + 7?
9
What is (-12 + 11 - (-1 - 2)) + (-30 - -29)?
1
3 - (-4 + -5) - (60 - 70)
22
Calculate (24 + -26 - (-8 + 5)) + -10.
-9
(23 - 28) + (-3 + 6 - (-16 - 0))
14
What is 54 + 18 + -62 + 25?
35
3 + 17 + -3 + (656 - 662)
11
What is -1 + -1 - (27 - (19 + 13)) - 5?
-2
What is -9 + 11 + (11 - (6 - 5))?
12
What is the value of (0 - 2) + (-107 + 115 - (3 + 0))?
3
What is (-2 - 1) + -1 + 2 + (1 - -3)?
2
What is the value of (0 - -3) + 7 + 1 + (-44 - 5)?
-38
What is the value of 7 - (-14 - (-29 - -11))?
3
Evaluate (-68 - -38) + 36 + (-19 - 1) + 0.
-14
-158 + 151 + 19 + 1
13
Calculate 8 - -2 - (84 + -74).
0
What is the value of (10 - 23) + 0 + 12?
-1
Calculate 171 - 180 - (4 + (-15 - (0 + -1))).
1
Evaluate (4 - ((2 - 7) + (0 - -8))) + -3.
-2
What is the value of (3 + 6 + -1 - 6) + 2 + -6?
-2
Evaluate 2 + (-59 - -47) + 4 + 1 + -2.
-7
Evaluate -31 + (70 - 32) + (-1 - 16).
-10
Evaluate (26 - -1) + 1 - (-59 + -20 - -80).
27
What is -2 + -5 + 1 + (14 - -15) + -24?
-1
What is -8 - (-12 + 1 + -10 + 7)?
6
Calculate -3 + (-9 - (-7 + 4) - 1).
-10
-14 + 6 + -3 - -8
-3
Calculate (6 - 2 - (-3 + (7 - 2))) + -13.
-11
What is -1 - (-21 - -7 - (-19 - -9))?
3
What is the value of -13 - (1 + 12) - -25?
-1
What is 2 - (-10 + 3) - (-30 - -35)?
4
Evaluate -2 + 2 + 7 + -505 + 508.
10
Evaluate 0 + 10 - (-7 - (5 - (-2 + 3))).
21
Calculate 1 + -20 - (-16 - (-18 + 8 + -3)).
-16
What is the value of -14 + 3 + 2 + -2 - 2?
-13
Evaluate 0 - (-5 + (5 + -3 + 5 - -4)).
-6
What is 10 + 7 + -24 + -6?
-13
Evaluate -10 - -41 - ((-1 - 7) + 17).
22
What is the value of 170 + -189 + (7 - -32)?
20
17 + 0 + (13 - 29) - (-1 + -20)
22
What is 8 - ((-5 + -2 - 3) + 24 + -1)?
-5
What is the value of 12 - (-7 + (4 - (-11 - -8)) + -4)?
16
Evaluate -7 + (-6 - -8 - -19) + 1 + -7.
8
2 + -7 + (-24 - -48)
19
Evaluate (-393 - -385) + (1 - 4 - -17).
6
35 - 37 - (2 - 6)
2
15 + -5 - 22 - -15
3
Calculate -11 + (4 - ((20 - 9) + -4 + 3)).
-17
(-6 + 0 - -14) + (-100 - -101)
9
36 + 24 + (16 - 53)
23
-12 + -29 + 75 - 22
12
Evaluate 13 - ((-3 - -5) + -18).
29
Calculate 3 + 5 + -1 - (8 - 16).
15
Evaluate -118 - -111 - (5 - 5 - (-12 - -2)).
-17
Calculate 9 - 19 - (-4 - 1) - (-7 - -3).
-1
What is (-22 - -34) + (-21 - -5)?
-4
(13 - (-38 - -57)) + 29
23
-12 + -2 + 5 - (-4 + -2)
-3
Evaluate -4 + (34 - 26) - -10.
14
Calculate -23 + 29 + -25 + -1 - (0 - 1).
-19
What is (15 - 18 - 24) + 5?
-22
Evaluate -22 + -3 - (-32 + 27 - -4).
-24
27 - -2 - 17 - (4 - (2 - 3))
7
Evaluate -2 + (1 - -5) + -7 - 7.
-10
(1 - 4) + (1 + -5 + 6 - 11)
-12
6 - ((-1 - -33) + (-39 - -10) + 22)
-19
Evaluate (90 - 109) + 14 + -1 + 1.
-5
3 + (3 + -19 - -8)
-5
Evaluate (2 + 0 - -24) + (49 - 45) - 4.
26
Evaluate (7 - (-2 + (4 - 3))) + 13.
21
What is the value of (12 - -4) + -30 - (3 + -1 - 5)?
-11
Calculate -16 + -2 + 9 + 0.
-9
What is (3 - 1) + -8 - (-43 + 39)?
-2
Calculate -3 - -7 - (-22 + (25 - 7)).
8
What is the value of 5 - (-3 - -9 - 7 - -3)?
3
Evaluate (7 - 13) + -2 + 12 + (-21 - -14).
-3
-10 - (1 - (-9 - -26)) - 21
-15
What is the value of -9 - -1 - (-7 - -5 - 6)?
0
(-1 - 9) + 3 + (20 + -7 - -3)
9
What is the value of -1 + 31 + 1 - (25 + -39 - -21)?
24
What is the value of 18 + -18 + -12 + (0 - -21)?
9
Evaluate 32 + -21 + 1 + -6 + -6.
0
-10 + (9 - -9 - 8) - -11
11
What is 1 - (-8 - (-6 + -6 + 0 + 6))?
3
What is -2 + 1 + 6 - ((-9 - -9) + 11)?
-6
What is the value of (26 - 3 - -1) + 11?
35
What is the value of -5 + (-7 - (-18 - -1 - (-5 + -1)))?
-1
What is the value of (-22 + 15 - (-11 - -4)) + 0?
0
Calculate 4 + (6 - 10 - 13).
-13
What is 19 - 16 - (0 - 3) - (2 + 14)?
-10
Evaluate (-6 - (7 - -1)) + 9 + -6.
-11
What is -4 + -1 - (13 - 6 - 13) - 8?
-7
-8 - (-30 - (15 - 11) - -7)
19
What is the value of -2 + 25 + -2 + -9?
12
What is the value of 4 + 20 + 1 + (2 - -6) + -4?
29
Calculate -5 + (14 - (195 + -191 - (0 - 8))).
-3
Evaluate -386 - -368 - (1 - 7).
-12
What is -44 + 4 + 56 + -26?
-10
Evaluate -4 + 19 + -16 + -4 + 6.
1
What is 1 + -18 + (-16 - -37)?
4
What is -1 + -6 - (5 - ((3 - 10) + -6))?
-25
6 - (-3 + (-4 - -11) + -1 + -4)
7
What is the value of 9 - (14 - (17 + -4))?
8
What is 3 + (-12 + 2 - (-16 - -27))?
-18
Evaluate 41 + 0 + 60 + -77 + (0 - -15).
39
11 + (-12 - (-2 + 8 + -14))
7
Calculate 4 - (7 + 2 - (20 + -6) - -7).
2
Calculate -57 - -55 - (-1 - 10) - 1.
8
What is 0 + (-1 - -2) + (-19 - -36 - 28)?
-10
Evaluate 0 + 13 + (394 - 380) - -4.
31
Calculate -58 + -10 + 31 - -29.
-8
What is the value of 2 + 1 + -3 + -1 + (-137 - -142)?
4
What is the value of 24 - (-13 + (22 - -4))?
11
What is the value of 1 - -1 - (-2 + (-18 + 12 - -12))?
-2
What is (-173 - -184) + (17 - 1)?
27
What is -1789 + 1793 + (-19 - 0)?
-15
Evaluate 9 + -6 + (-18 + 0 - -9) + -6.
-12
(8 - 9 - 5) + -9 + 11
-4
Calculate -25 + 34 + (-17 - -37).
29
Evaluate 24 + (-8 - (0 - 2 - -2) - -2).
18
What is the value of 21 - -1 - -4 - (-19 + (-7 - -24))?
28
29 + (-3 - (20 - 5))
11
-24 - (-18 - (-23 - -10 - 4))
-23
Evaluate 30 + -11 + 4 + -33.
-10
Calculate -3 - (0 + 1) - (4 + 5 - 0).
-13
-8 + 1 + (6 - (6 + -5))
-2
What is the value of 0 + 13 - (0 + 20)?
-7
Calculate (-30 - (-22 - -8)) + -35 + 16.
-35
-3 - (4 + (-4 - 1 - 1))
-1
What is 40 - 14 - (8 - (-2 - 0))?
16
What is 16 + 11 + -35 - (13 - 2)?
-19
What is the value of 1 + (6 - (-6 + -6 - -20))?
-1
What is the value of 39 + -19 - 40 - -20?
0
What is the value of (18 + -9 - 8) + -8?
-7
Evaluate -14 + -1 + 0 - (10 + -6 + 1).
-20
What is (-75 - -82) + (1 - 10)?
-2
Calculate -15 - 13 - ((-15 - -29) + -9).
-33
-1 + (-16 - -7) + -1 + 7
-4
What is the value of (-13 - -3) + -5 - -7?
-8
What is the value of -6 + (34 - 25 - 13)?
-10
What is the value of -10 + (-30 - (-14 - 7))?
-19
What is the value of (6 - (8 + -9) - 11) + 9?
5
-16 + -20 + (37 - -3)
4
What is the value of (-11 - (21 - 18)) + 5?
-9
3 - ((55 - 43) + -1 + -18)
10
Calculate 13 + 19 + -27 + 0.
5
What is (-3 - -1) + 2 + (77 - 90)?
-13
(37 - (9 - -10)) + -20
-2
17 - (-8 - (-12 + 2))
15
Evaluate 13 + (-14 - 0 - -19) + -5.
13
What is 0 - ((-10 - -5 - -3) + -4)?
6
What is the value of -58 + 2 + 31 + 24?
-1
Evaluate 2 - (-6 - -6) - 10 - -17.
9
-7 + -2 + -11 + 15 + 0 - -13
8
Calculate (31 - 31) + (1 - -4) + 5.
10
Calculate 1 + -4 - (-69 - (30 + -110)).
-14
Calculate -31 + 27 + (3 - 2).
-3
What is (-13 - (-30 - -8)) + 1?
10
What is 5 - (1 + -7 + 29) - (0 + -4)?
-14
Evaluate -195 + 181 + (-1 - -17).
2
-42 - 21 - (8 - 41)
-30
Evaluate 6 + (5 - 11) + -3 + 4.
1
What is 1 + (-3 - (3 + 4)) + (-4 - -2)?
-11
-7 + (-24 - 3) + 18
-16
What is the value of -4 - -16 - (8 - -10)?
-6
Calculate 24 + 44 + (-38 - 44).
-14
2 + -3 + 1 + 11
11
What is 22 + -12 + 3 + -5?
8
What is -5 + -6 + -3 + -1 + 15?
0
What is 4 + 7 - (2 + -1)?
10
Evaluate 18 + -8 - 14 - (-3 - (-1 - 1)).
-3
Evaluate 26 - ((-31 - -1) + 38).
18
What is -2 + (3 + -15 - -2)?
-12
What is the value of 90 + -81 + -1 + -17 + 24?
15
(23 - -1) + (-113 - -104) - 8
7
16 + 24 - 14 - 11
15
What is the value of (-18 - -34) + -33 + -6?
-23
What is the value of (2 - -3 - 12 - (-5 - 13)) + 15?
26
12 + -11 + 14 - 6
9
3 - (-25 + 12) - 56
-40
Calculate 23 + (-7 - -2) + (-19 - 11).
-12
What is -3 - -19 - (8 - -2) - 15?
-9
What is the value of -4 - (1 + 7 + -3)?
-9
Calculate (-4 - (-6 - -12)) + 6 - 11.
-15
What is the value of 2 + 7 - (10 - (1 - -9))?
9
Evalua